 a.
5
Let p = 1156 + -1043. Calculate the highest common divisor of 3 and p.
1
Let j = 39 + -39. Let p be 279*1 + j*9/81. What is the greatest common divisor of p and 9?
9
Let d be 16*(-15 - -1)/7. Let s be (-5872)/d - (-2)/4. Calculate the highest common divisor of s and 8.
8
Suppose -176*r + 155*r = -378. What is the highest common divisor of r and 1305?
9
Let g = -31766 + 31779. Let i be -1 + ((-2)/1 - -7). Let y(p) = 63*p - 5. Let c be y(i). Calculate the highest common divisor of c and g.
13
Let t(j) = 12*j - 82. Let y be t(-26). Let l = 400 + y. Calculate the highest common factor of l and 162.
6
Let y be (-2000)/(-2)*(18 - (-735)/(-42)). What is the highest common factor of y and 20?
20
Let k = -2166 + 3911. Calculate the highest common divisor of k and 5.
5
Suppose 0 = 31*x - 55*x + 32*x - 11040. What is the greatest common divisor of x and 8?
4
Let s(b) = -b**3 - 12*b**2 - 5*b - 14. Let y be s(-14). Let d(q) = -134*q - 874. Let f be d(-7). What is the highest common divisor of f and y?
64
Let b(d) = d**3 + 18*d**2 - 40*d - 128. Let c be b(-16). What is the greatest common factor of c and 56?
8
Let v be 57/4 - (-2)/(-8). Let q = 104 - 57. Suppose -4*b + 327 = q. Calculate the highest common divisor of v and b.
14
Let w = -919 - -947. Suppose 14*d + w*d - 4620 = 0. Calculate the greatest common divisor of 154 and d.
22
Suppose -118*c + 35321 = -21791. What is the greatest common divisor of 132 and c?
44
Let n be (2 - (-33)/(-15)) + 84/(-105). Let c be (n - 20)/((-21)/14). What is the greatest common divisor of c and 2?
2
Let u be 32/(-416) - (-2196)/156. What is the highest common factor of u and 10598?
14
Suppose -4*w + 4 = 0, 214 = 26*j - 23*j + 4*w. Suppose 0 = -7*c + 2*c - 155. Let z = c + 45. Calculate the greatest common divisor of j and z.
14
Let s = -10447 + 11172. Let v(f) = 2*f**2 + f + 1. Let r be v(-4). Calculate the greatest common divisor of s and r.
29
Let s = -4 - -17. Let y = -585 + 1006. Suppose -4*c + 419 = 3*l, 4*c + 0*c = -5*l + y. Calculate the greatest common divisor of c and s.
13
Let k = 1227 - 807. Suppose -3*w = -5*n - k, -663 = -0*w - 5*w - 4*n. Suppose -5*d + 91 + 44 = 0. What is the greatest common divisor of d and w?
27
Suppose -25*k - 37 = 88. Let p be (1 - k/15)*240. What is the greatest common factor of 64 and p?
64
Let v be 42*(8 + (-43 - -7)/6). Calculate the highest common divisor of v and 602.
14
Suppose 2*q + y = 13, -5*y = -3*q - y + 25. Let c be 63*q/14*56/6. What is the highest common divisor of c and 42?
42
Let x(i) = -i**2 + 7*i + 1. Let q be x(6). Let o be (-510)/(-357)*(q - 0). Calculate the greatest common divisor of 710 and o.
10
Suppose 92*w - 623 = -7*w + 3337. Calculate the greatest common factor of w and 190.
10
Let i be (-3 + -4 + 4)/(0 + -1). Suppose 4*z - 3*u = 682, i*z + 5*u - 328 = z. Calculate the greatest common divisor of z and 13.
13
Let j(t) = -3321*t**3 + 69*t**2 + 71*t + 3. Let n be j(-1). What is the highest common factor of 22 and n?
22
Let o be ((-3)/(-2))/(135/3330). Calculate the greatest common factor of 999 and o.
37
Suppose 2*q - 672 = -2*q. Let u = -25 + 49. What is the greatest common factor of u and q?
24
Suppose 79 + 7 = p. Let t = p - 138. Let x = t + 67. Calculate the highest common divisor of 60 and x.
15
Suppose -1642 = -f + 5*r + 317, 4*r - 5706 = -3*f. Calculate the greatest common divisor of f and 174.
174
Let d be -2*(-3)/(-6)*-1. Suppose 18*a - 49*a + 19 = -12*a. What is the greatest common divisor of a and d?
1
Let t be 17532 - (0 - -6)/(11 - (-80)/(-10)). Calculate the highest common divisor of t and 10.
10
Suppose -78462 = -11*x - 27367. What is the highest common factor of x and 5?
5
Let h be -13*(-12)/4*46/3. Calculate the highest common factor of 46 and h.
46
Let h(j) = 9*j - 118. Let a be h(20). Suppose 5*m - 379 = 2*k, 0 = 4*m - 5*k - 231 - a. Calculate the greatest common factor of 7 and m.
7
Let y be 2/(-4)*(5 + -3 - 6). Suppose 0 = -y*c - 50 + 88. Let x = 23 - c. What is the greatest common divisor of 1 and x?
1
Let x(z) = 22*z**2 - 10*z - 16. Let n be x(2). What is the highest common divisor of 13312 and n?
52
Let u(k) = 0 - k**2 - 4 + 6*k - 2. Let x be u(4). Suppose 23 = 23778*o - 23791*o + 127. Calculate the greatest common factor of o and x.
2
Suppose 2980 = 2*j + 4*f, 3*f = -69 + 60. Calculate the greatest common factor of 440 and j.
88
Let o be (-1)/(-6) - (857/(-6) - 0). Let f(c) = 12*c**2 - 79*c + 4. Let m be f(7). Calculate the greatest common factor of m and o.
13
Let f be 41385/186 - (-6)/(-4). Calculate the greatest common factor of f and 1003.
17
Suppose 5*a = -16*q + 14*q + 3485, -3*q = -4*a - 5285. What is the greatest common factor of 65 and q?
65
Suppose k - 5*v + 43 = 116, -365 = -5*k + 2*v. Suppose 2*j - 637*r = -638*r + 1020, -2*r + 507 = j. What is the greatest common factor of k and j?
73
Let m be 99/(-66)*(-1016)/6. Suppose -14*k + m = 2. Calculate the greatest common factor of k and 15.
3
Let l(h) = -247*h - 1315. Let t be l(-16). What is the greatest common factor of 45 and t?
9
Suppose 4*m - 82 + 134 = 2*q, 5*m - 10 = 0. Suppose -4*x - 1070 = -0*o - 5*o, o + 2*x - 200 = 0. Calculate the greatest common factor of o and q.
30
Let s be ((-464)/(-112) - (-2 + 7))*-14. Calculate the highest common divisor of 4116 and s.
12
Suppose -17*u + 22*u = 5, 2*p = 4*u - 18. Let g(l) be the first derivative of -l**2/2 - 4*l + 1. Let y be g(p). Calculate the highest common factor of y and 12.
3
Suppose 4*r - 3*l = 2553, -77*l + 651 = r - 82*l. Calculate the greatest common divisor of 4664 and r.
212
Let f be 96/(-32)*55/(-3). Suppose 2*y + 541 = i - f, 5*y = 4*i - 2387. Calculate the greatest common factor of i and 46.
46
Let y(h) be the third derivative of 5*h**4/24 - 59*h**3/6 + 5*h**2 - 5*h. Let c be y(28). Calculate the highest common factor of c and 9.
9
Let o = -3209 - -3215. What is the greatest common divisor of 1317 and o?
3
Let g be 477 + (4/12)/((-20)/60). Calculate the greatest common factor of 595 and g.
119
Let i(n) = -45*n. Let a be i(-1). Let f(t) be the first derivative of -t**2/2 + 32*t - 14. Let w be f(14). What is the greatest common divisor of w and a?
9
Suppose -4*w + 3*o = 4*o - 18, -5*w + 2*o = -29. Let s be -15*(w + 32/(-6)). Calculate the greatest common divisor of s and 10.
5
Suppose -4*b + n + 4753 + 5307 = 0, 2*n = b - 2508. Calculate the highest common factor of 68 and b.
68
Suppose -10 = -s - 3. Let h(p) = 21*p**3 + 67 + 3*p**2 - 2*p**2 - 68. Let c be h(1). Calculate the highest common factor of c and s.
7
Suppose -2*z = -3*w - 80, -14*z + 2*w + 42 = -13*z. What is the greatest common divisor of z and 4318?
34
Suppose -10*u - 5688 = 2*u. Let i = -330 - u. What is the highest common factor of 108 and i?
36
Let o be 4/10 + (-16968)/(-105). Suppose o*w = 156*w + 444. What is the highest common factor of 370 and w?
74
Let p = -11466 - -13544. Calculate the highest common divisor of 2 and p.
2
Let o be -99 - -114 - (1 - 7489). What is the highest common divisor of 183 and o?
183
Let n(j) = j + 4. Let g be n(-6). Let i be (-8)/g + -3 - (1 + 31). Let v = -10 - i. What is the greatest common divisor of v and 84?
21
Suppose -10 = 10*r - 360. Let q be 5*(-1)/2*(-224)/r. What is the greatest common factor of q and 20?
4
Suppose -1 = -3*f + 11. Suppose -q - 3*d + 16 = 0, 6 = q - f*d + 5*d. Let y = 43 + q. What is the greatest common divisor of 22 and y?
22
Suppose -1077 = 2*x - 6*x - 3*o, -5*x - o + 1360 = 0. Calculate the highest common divisor of x and 861.
21
Let u(n) = 101*n - 1. Let m be u(-4). Let z = -1869 - -1870. Let w be (z/(-1))/(3/m). Calculate the highest common divisor of 15 and w.
15
Let b be (-6)/(-10) + (-18)/(-45). Let q = 1 - b. Suppose -2*z = -5*f + 724, 2*f + 5*z = -q*f + 278. What is the greatest common divisor of 16 and f?
16
Suppose -2*i + 350 = 5*l, 0 = 3*i + 4*l - 562 + 23. Calculate the greatest common divisor of 3774 and i.
37
Let f(b) = -48*b - 84. Let q be f(-3). Let u = q + -54. Let l(m) = -m**3 + 6*m**2 - 3*m - 7. Let k be l(5). Calculate the highest common factor of k and u.
3
Let s = -3 + -2. Let n(x) = x**3 + 6*x**2 + 5. Let y be n(s). Let r = -23596 - -23646. What is the highest common factor of y and r?
10
Suppose 225*c - 4357 = 126*c - 793. What is the greatest common divi